 what is -108 - a?
-114
In base 5, what is 12 + 443?
1010
In base 3, what is 21022010 + -12?
21021221
In base 7, what is -10 - -360?
350
In base 6, what is -40 + -121?
-201
In base 16, what is -132 + 1?
-131
In base 13, what is -6 + -224?
-22a
In base 7, what is 263 - 4?
256
In base 14, what is 43 + 8?
4b
In base 12, what is a2 + -29?
75
In base 4, what is -11110 - 10?
-11120
In base 13, what is -1 - -3b?
3a
In base 16, what is -b2 + 4?
-ae
In base 13, what is 5 - 676?
-671
In base 15, what is -1b3 - -6?
-1ac
In base 7, what is 226 + 3?
232
In base 12, what is -51b - -1?
-51a
In base 6, what is -11154 + -5?
-11203
In base 13, what is -26 + 0?
-26
In base 7, what is 3 - 1403?
-1400
In base 9, what is 18 - 2?
16
In base 6, what is 2553 + 3?
3000
In base 5, what is -10012 - -3?
-10004
In base 11, what is -228 + 5?
-223
In base 3, what is 0 - 11211?
-11211
In base 16, what is 9a + -4b?
4f
In base 12, what is 45 - -9?
52
In base 4, what is 10 + -203?
-133
In base 5, what is 0 - -340?
340
In base 16, what is 1 - a02?
-a01
In base 16, what is 4d6 - 4?
4d2
In base 6, what is -201100 + 1?
-201055
In base 11, what is 5 - 7a2?
-798
In base 10, what is 4 - -274?
278
In base 6, what is 21 + 12342?
12403
In base 10, what is 937 - -7?
944
In base 11, what is a - 32?
-23
In base 2, what is 11 - 1011001?
-1010110
In base 13, what is 3912 - 5?
390a
In base 16, what is 26 - 13?
13
In base 13, what is -2 + 7b?
79
In base 4, what is 23030 - -21?
23111
In base 6, what is -14 + -205?
-223
In base 10, what is -1049 + -8?
-1057
In base 15, what is 4a - 4?
46
In base 6, what is 4 - -2451?
2455
In base 5, what is 111 + -13?
43
In base 15, what is 10c1 - 5?
10bb
In base 13, what is -45 + -78?
-c0
In base 3, what is -20 + 110?
20
In base 7, what is 110 + 1?
111
In base 6, what is 5 + 43242?
43251
In base 6, what is 10112 + -25?
10043
In base 9, what is 3 - 426?
-423
In base 15, what is 26 + -6?
20
In base 8, what is 0 + 12?
12
In base 2, what is 1000 + -1?
111
In base 12, what is 41b - 2a?
3b1
In base 12, what is 88 - -5?
91
In base 15, what is a - 1?
9
In base 2, what is -10010010111 + -1111?
-10010100110
In base 8, what is -1 - 65?
-66
In base 4, what is -20 - 23?
-103
In base 4, what is 1 + 3033?
3100
In base 6, what is -102 + -51?
-153
In base 2, what is 1100011 - -11?
1100110
In base 16, what is 91b - 0?
91b
In base 10, what is 5 - 1441?
-1436
In base 14, what is 17 - -1d?
36
In base 6, what is -42 + 30?
-12
In base 12, what is -2 + -515?
-517
In base 6, what is 4 + -1211?
-1203
In base 3, what is -121020 - 12?
-121102
In base 4, what is 3 - 1010?
-1001
In base 13, what is 875 + 1?
876
In base 14, what is -5 - 16?
-1b
In base 6, what is 10020 - 10?
10010
In base 9, what is 2553 + 3?
2556
In base 13, what is 1 - -1a3?
1a4
In base 6, what is 4 - 240?
-232
In base 10, what is 1 + -2?
-1
In base 11, what is 4 - 14?
-10
In base 6, what is 42 - 10?
32
In base 2, what is 1 - 1111?
-1110
In base 10, what is 221 + -5?
216
In base 14, what is 9 + 8?
13
In base 5, what is 433 - -4?
442
In base 13, what is -3c - 7?
-46
In base 4, what is 1321 - 2?
1313
In base 10, what is -47 + 4?
-43
In base 12, what is 17b - -3?
182
In base 9, what is 5 + 52?
57
In base 16, what is -6 - 136?
-13c
In base 11, what is -a - 42?
-51
In base 7, what is 125 - 25?
100
In base 4, what is 1103 - -10?
1113
In base 13, what is 25 - 10?
15
In base 6, what is 5 + 33144?
33153
In base 13, what is -100 - -1?
-cc
In base 2, what is 1000100 + -10111?
101101
In base 9, what is -3566 - -1?
-3565
In base 5, what is -1 - -43?
42
In base 8, what is -5 + 2430?
2423
In base 16, what is -1d + -b?
-28
In base 12, what is 0 - 694?
-694
In base 9, what is 4 - -14?
18
In base 3, what is -100 + 110?
10
In base 11, what is -5 + -149?
-153
In base 2, what is -11011000 - 111110?
-100010110
In base 3, what is 210201 + 21?
210222
In base 9, what is -450 + -1?
-451
In base 4, what is 21022 - -3?
21031
In base 4, what is 11 - 1313033?
-1313022
In base 14, what is -4 + 47?
43
In base 16, what is 2 + -2d5?
-2d3
In base 2, what is -10101 + -111000?
-1001101
In base 14, what is 243 - 5?
23c
In base 7, what is -34006 + -1?
-34010
In base 9, what is 2 + 6?
8
In base 13, what is 528 + 3?
52b
In base 14, what is 200 + -6?
1d8
In base 9, what is 5 + 2368?
2374
In base 10, what is 1864 + 3?
1867
In base 4, what is -30003 - 1?
-30010
In base 5, what is 4 - 310?
-301
In base 3, what is 1 + 2111?
2112
In base 2, what is 1010010101 + -101?
1010010000
In base 7, what is -10534 - 4?
-10541
In base 16, what is -ec - -5?
-e7
In base 11, what is 4 + 1a?
23
In base 4, what is -10 - -1011120?
1011110
In base 5, what is -20 - -103?
33
In base 3, what is -110001 + 12?
-102212
In base 12, what is -17 + -28?
-43
In base 2, what is -10000111 - 1?
-10001000
In base 11, what is -7 + 24?
18
In base 2, what is -100010 + -11010?
-111100
In base 4, what is 1133 + 2?
1201
In base 9, what is -155 + 1?
-154
In base 13, what is -a0c + -3?
-a12
In base 6, what is -102 + 4?
-54
In base 13, what is 4 + -24?
-20
In base 9, what is 5 - 168?
-163
In base 14, what is -13 + -1d2?
-205
In base 5, what is 14 + -3?
11
In base 5, what is -31412 - -1?
-31411
In base 12, what is 7 + 2553?
255a
In base 6, what is -103 - -20?
-43
In base 13, what is 7 - 2a?
-23
In base 4, what is 100 - -1003?
1103
In base 10, what is -2289 + -3?
-2292
In base 3, what is -210101211 + 10?
-210101201
In base 7, what is -1 - 5200?
-5201
In base 11, what is 15 - a8?
-93
In base 9, what is -6 + -104?
-111
In base 3, what is 210 + 11?
221
In base 9, what is -3 - -142?
138
In base 2, what is 111011 + -1?
111010
In base 16, what is -194f - -4?
-194b
In base 15, what is 1a + -1?
19
In base 10, what is 2 - -233?
235
In base 7, what is 0 + -2110?
-2110
In base 2, what is 111000011 - 101?
110111110
In base 7, what is 2 + 314?
316
In base 6, what is 10 - -1225?
1235
In base 11, what is -2 - -24?
22
In base 7, what is 5 + 245?
253
In base 8, what is 5 - -14?
21
In base 2, what is 0 - -111111?
111111
In base 11, what is 1 + -6a?
-69
In base 13, what is -13c7 - 4?
-13cb
In base 15, what is -17d + -5?
-183
In base 9, what is 137 + 21?
158
In base 10, what is 258 - -7?
265
In base 9, what is 210 + 3?
213
In base 11, what is 3 - -32a?
332
In base 2, what is 101 - -110100?
111001
In base 14, what is -4 - -113?
10d
In base 14, what is -3 + -4?
-7
In base 6, what is 1105 + 0?
1105
In base 3, what is -201212 + -12?
-202001
In base 8, what is 146 - -3?
151
In base 4, what is 11 - -23011?
23022
In base 11, what is -354 - 10?
-364
In base 16, what is bcf - -2?
bd1
In base 9, what is -36 - -8?
-27
In base 7, what is 10 + 10?
20
In base 13, what is -2 - -92?
90
In base 8, what is 2 + -505?
-503
In base 10, what is 3 + 144?
147
In base 14, what is c7 - -2?
c9
In base 10, what is 55 - 0?
55
In base 12, what is 26a18 + 1?
26a19
In base 16, what is 1ff - -2?
201
In base 11, what is 4 - -61?
65
In base 12, what is 3 - -442b?
4432
In base 14, what is -9da + 1?
-9d9
In base 9, what is 15 + 286?
312
In base 9, what is -2 + 224?
222
In base 5, what is -10 + 112241?
112231
In base 5, what is 1134 + 12?
1201
In base 12, what is -130 + -11?
-141
In base 2, what is -101 + 110101010?
110100101
In base 13, what is -5a + -1?
-5b
In base 13, what is -374 - 5?
-379
In base 6, what is 223 - 2?
221
In base 3, what is -1202221 - -10?
-1202211
In base 8, what is -34 - 10?
-44
In base 15, what is -51 + 9?
-47
In base 11, what is 0 - -7227?
7227
In base 11, what is a04 + a?
a13
In base 5, what is -11442 + 11?
-11431
In base 10, what is 4 - -2176?
2180
In base 4, what is -21 - -32?
11
In base 3, what is -12001 + -1?
-12002
In base 12, what is a7 + 12?
b9
In base 2, what is 100110100000110 + -101?
100110100000001
In base 13, what is 5 - 50b?
-506
In base 6, what is 4241 - -5?
4250
In base 4, what is -111 + 3?
-102
In base 10, what is -184 + 1?
-183
In base 13, what is -3 - 151?
-154
In base 10, what is 78 + -59?
19
In base 16, what is -c + 8?
-4
In base 8, what is -5 - -117?
112
In base 2, what is -1111 - 1000101?
-1010100
In base 13, what is 59c + 2?
5a1
In base 9, what is 2 + -1625?
-1623
In base 16, what is 20 - ba?
-9a
In base 14, what is 2cc + -5?
2c7
In base 16, what is -5147 - -1?
-5146
In base 5, what is -100010 - -1?
-100004
In base 14, 